{"id":195,"date":"2025-11-12T13:40:54","date_gmt":"2025-11-12T12:40:54","guid":{"rendered":"https:\/\/wp.bma-sachverstaendiger.de\/?page_id=195"},"modified":"2026-02-08T16:10:06","modified_gmt":"2026-02-08T15:10:06","slug":"imprerssum","status":"publish","type":"page","link":"https:\/\/bma-sachverstaendiger.de\/?page_id=195","title":{"rendered":"Impressum"},"content":{"rendered":"\n    \n    <section class=\"u-clearfix u-section-2\" id=\"block-3\">\n      <div class=\"u-clearfix u-sheet u-valign-middle-xl u-valign-middle-xs u-sheet-1\">\n        <div class=\"fr-view u-clearfix u-rich-text u-text u-text-1\">\n          <p><span class=\"u-text-custom-color-1\" style=\"font-weight: 700; font-size: 1.5rem;\">Impressum<\/span>\n          <\/p>\n          <h5><span style=\"font-size: 0.875rem; font-weight: 700;\">Angaben gem\u00e4\u00df \u00a7 5 TMG:<\/span>\n          <\/h5>\n          <p>Sachverst\u00e4ndigenb\u00fcro Schneider<br>Dipl.-Ing. (FH) Erik Schneider<br>Gerhart-Hauptmann-Str. 15 \/ S\u00fcd 9<br>D-03044 Cottbus\n          <\/p>\n          <h5><span style=\"font-size: 0.875rem; font-weight: 700;\">Kontakt:<\/span>\n          <\/h5>\n          <p><span style=\"font-size: 0.875rem;\">Telefon: 0355 \/ 72 944 72<br>E-Mail: <a href=\"mailto:info@sm-alarmanlagen.de\">info@bma-sachverstaendiger.de<\/a><\/span>\n          <\/p>\n          <p><span style=\"font-size: 0.875rem;\">Finanzamt Cottbus Steuer-Nr. 056 \/ 270 \/ 03236<\/span>\n          <\/p>\n          <h5><span style=\"font-size: 0.875rem; font-weight: 700;\">Streitschlichtung<\/span>\n          <\/h5>\n          <p><span style=\"font-size: 0.875rem;\">Wir sind nicht bereit oder verpflichtet, an Streitbeilegungsverfahren vor einer Verbraucherschlichtungsstelle teilzunehmen.<\/span>\n          <\/p>\n          <p><span style=\"font-size: 0.875rem;\">Quelle: <a class=\"u-active-none u-border-none u-btn u-button-link u-button-style u-hover-none u-none u-text-palette-1-base u-btn-1\" href=\"http:\/\/www.anwalt.de\/\" rel=\"noopener noreferrer\" target=\"_blank\">Impressum-Generator von anwalt.de<\/a><\/span>\n          <\/p>\n          <h5 id=\"isPasted\"><span style=\"font-size: 0.875rem; font-weight: 700;\">Foto Startseite<\/span>\n          <\/h5>\n          <p><span style=\"font-size: 0.875rem;\">Close-up of a camera lens in red, lizensfrei von <a href=\"https:\/\/www.freepik.com\/author\/freepik\">freepik<\/a><\/span>\n          <\/p>\n          <p><span style=\"font-size: 0.875rem; font-weight: 700;\">Gestaltung, Umsetzung und technische Betreuung<\/span>\n          <\/p>\n          <p><span style=\"font-size: 0.875rem;\">koffergriff - Werbung aus Cottbus<br>Rainer Behnisch<\/span>\n          <\/p>\n          <p><span style=\"font-size: 0.875rem;\">Hermann-Hammerschmidt-Str 21, D-03042 Cottbus<\/span>\n          <\/p>\n          <p><span style=\"font-size: 0.875rem;\">Tel:+49(0)355 \/ 79 22 95<br>Web: <a href=\"http:\/\/www.werbungauscottbus.de\/\" target=\"_blank\">www.werbungauscottbus.de<\/a>\n              <br>Email: <a href=\"mailto:info@werbungauscottbus.de\">info@werbungauscottbus.de<\/a><\/span>\n          <\/p>\n          <h5><span style=\"font-size: 0.875rem; font-weight: 700;\">Haftungsausschluss (Disclaimer)<\/span>\n          <\/h5>\n          <p><span style=\"font-size: 0.875rem;\">Inhalt und Werke dieser Website sind urheberrechtlich gesch\u00fctzt. Trotz h\u00f6chster Sorgfalt kann nicht f\u00fcr die Richtigkeit der wiedergegebenen Informationen oder die permanente technische Erreichbarkeit garantiert werden. Es wird keine Haftung f\u00fcr den Inhalt von extern verlinkten Websites \u00fcbernommen. Auf deren Inhalte haben wir keinen Einfluss und distanzieren uns ausdr\u00fccklich. Sollten Sie dennoch etwas an unseren Seiten zu beanstanden haben, bitten wir um einen einfachen entsprechenden Hinweis, damit wir die Inhalte schnellstm\u00f6glich entfernen k\u00f6nnen.<\/span>\n          <\/p>\n          <p><span style=\"font-size: 0.875rem;\">Quelle:<\/span>\n            <a href=\"https:\/\/www.anwalt.de\"><\/a><span style=\"font-size: 0.875rem;\">\n              <a href=\"https:\/\/www.anwalt.de\">&nbsp;<\/a><\/span>\n            <a href=\"https:\/\/www.anwalt.de\"><\/a><span style=\"font-size: 0.875rem;\">\n              <a href=\"https:\/\/www.anwalt.de\">Disclaimer von anwalt.de<\/a><\/span>\n            <a class=\"u-active-none u-border-none u-btn u-button-link u-button-style u-hover-none u-none u-text-palette-1-base u-btn-2\" href=\"https:\/\/www.anwalt.de\/vorlage\/disclaimerhaftungsausschluss.php\" rel=\"noopener noreferrer\" target=\"_blank\" title=\"Haftungsausschluss Vorlage von\nanwalt.de\"><\/a>\n          <\/p>\n        <\/div>\n      <\/div>\n    <\/section>\n    \n    \n    \n  \n","protected":false},"excerpt":{"rendered":"<p>Impressum Angaben gem\u00e4\u00df \u00a7 5 TMG: Sachverst\u00e4ndigenb\u00fcro SchneiderDipl.-Ing. (FH) Erik SchneiderGerhart-Hauptmann-Str. 15 \/ S\u00fcd 9D-03044 Cottbus Kontakt: Telefon: 0355 \/ 72 944 72E-Mail: info@bma-sachverstaendiger.de Finanzamt Cottbus Steuer-Nr. 056 \/ 270 \/ 03236 Streitschlichtung Wir sind nicht bereit oder verpflichtet, an Streitbeilegungsverfahren vor einer Verbraucherschlichtungsstelle teilzunehmen. Quelle: Impressum-Generator von anwalt.de Foto Startseite Close-up of a camera &hellip; <a href=\"https:\/\/bma-sachverstaendiger.de\/?page_id=195\" class=\"more-link\">Continue reading<span class=\"screen-reader-text\"> &#8222;Impressum&#8220;<\/span><\/a><\/p>\n","protected":false},"author":1,"featured_media":0,"parent":0,"menu_order":3,"comment_status":"closed","ping_status":"closed","template":"","meta":{"footnotes":""},"class_list":["post-195","page","type-page","status-publish","hentry"],"yoast_head":"<!-- This site is optimized with the Yoast SEO plugin v27.4 - https:\/\/yoast.com\/product\/yoast-seo-wordpress\/ -->\n<title>Impressum - Sachverst\u00e4ndigenb\u00fcro Schneider<\/title>\n<meta name=\"robots\" content=\"index, follow, max-snippet:-1, max-image-preview:large, max-video-preview:-1\" \/>\n<link rel=\"canonical\" href=\"https:\/\/bma-sachverstaendiger.de\/?page_id=195\" \/>\n<meta property=\"og:locale\" content=\"de_DE\" \/>\n<meta property=\"og:type\" content=\"article\" \/>\n<meta property=\"og:title\" content=\"Impressum - Sachverst\u00e4ndigenb\u00fcro Schneider\" \/>\n<meta property=\"og:description\" content=\"Impressum Angaben gem\u00e4\u00df \u00a7 5 TMG: Sachverst\u00e4ndigenb\u00fcro SchneiderDipl.-Ing. (FH) Erik SchneiderGerhart-Hauptmann-Str. 15 \/ S\u00fcd 9D-03044 Cottbus Kontakt: Telefon: 0355 \/ 72 944 72E-Mail: info@bma-sachverstaendiger.de Finanzamt Cottbus Steuer-Nr. 056 \/ 270 \/ 03236 Streitschlichtung Wir sind nicht bereit oder verpflichtet, an Streitbeilegungsverfahren vor einer Verbraucherschlichtungsstelle teilzunehmen. Quelle: Impressum-Generator von anwalt.de Foto Startseite Close-up of a camera &hellip; Continue reading &quot;Impressum&quot;\" \/>\n<meta property=\"og:url\" content=\"https:\/\/bma-sachverstaendiger.de\/?page_id=195\" \/>\n<meta property=\"og:site_name\" content=\"Sachverst\u00e4ndigenb\u00fcro Schneider\" \/>\n<meta property=\"article:modified_time\" content=\"2026-02-08T15:10:06+00:00\" \/>\n<meta name=\"twitter:card\" content=\"summary_large_image\" \/>\n<meta name=\"twitter:label1\" content=\"Gesch\u00e4tzte Lesezeit\" \/>\n\t<meta name=\"twitter:data1\" content=\"1\u00a0Minute\" \/>\n<script type=\"application\/ld+json\" class=\"yoast-schema-graph\">{\"@context\":\"https:\\\/\\\/schema.org\",\"@graph\":[{\"@type\":\"WebPage\",\"@id\":\"https:\\\/\\\/bma-sachverstaendiger.de\\\/?page_id=195\",\"url\":\"https:\\\/\\\/bma-sachverstaendiger.de\\\/?page_id=195\",\"name\":\"Impressum - Sachverst\u00e4ndigenb\u00fcro Schneider\",\"isPartOf\":{\"@id\":\"https:\\\/\\\/bma-sachverstaendiger.de\\\/#website\"},\"datePublished\":\"2025-11-12T12:40:54+00:00\",\"dateModified\":\"2026-02-08T15:10:06+00:00\",\"breadcrumb\":{\"@id\":\"https:\\\/\\\/bma-sachverstaendiger.de\\\/?page_id=195#breadcrumb\"},\"inLanguage\":\"de\",\"potentialAction\":[{\"@type\":\"ReadAction\",\"target\":[\"https:\\\/\\\/bma-sachverstaendiger.de\\\/?page_id=195\"]}]},{\"@type\":\"BreadcrumbList\",\"@id\":\"https:\\\/\\\/bma-sachverstaendiger.de\\\/?page_id=195#breadcrumb\",\"itemListElement\":[{\"@type\":\"ListItem\",\"position\":1,\"name\":\"Start\",\"item\":\"https:\\\/\\\/bma-sachverstaendiger.de\\\/\"},{\"@type\":\"ListItem\",\"position\":2,\"name\":\"Impressum\"}]},{\"@type\":\"WebSite\",\"@id\":\"https:\\\/\\\/bma-sachverstaendiger.de\\\/#website\",\"url\":\"https:\\\/\\\/bma-sachverstaendiger.de\\\/\",\"name\":\"Sachverst\u00e4ndigenb\u00fcro Dipl.-Ing. (FH) Erik Schneider\",\"description\":\"Dipl.-Ing. (FH) Erik Schneider\",\"potentialAction\":[{\"@type\":\"SearchAction\",\"target\":{\"@type\":\"EntryPoint\",\"urlTemplate\":\"https:\\\/\\\/bma-sachverstaendiger.de\\\/?s={search_term_string}\"},\"query-input\":{\"@type\":\"PropertyValueSpecification\",\"valueRequired\":true,\"valueName\":\"search_term_string\"}}],\"inLanguage\":\"de\"}]}<\/script>\n<!-- \/ Yoast SEO plugin. -->","yoast_head_json":{"title":"Impressum - Sachverst\u00e4ndigenb\u00fcro Schneider","robots":{"index":"index","follow":"follow","max-snippet":"max-snippet:-1","max-image-preview":"max-image-preview:large","max-video-preview":"max-video-preview:-1"},"canonical":"https:\/\/bma-sachverstaendiger.de\/?page_id=195","og_locale":"de_DE","og_type":"article","og_title":"Impressum - Sachverst\u00e4ndigenb\u00fcro Schneider","og_description":"Impressum Angaben gem\u00e4\u00df \u00a7 5 TMG: Sachverst\u00e4ndigenb\u00fcro SchneiderDipl.-Ing. (FH) Erik SchneiderGerhart-Hauptmann-Str. 15 \/ S\u00fcd 9D-03044 Cottbus Kontakt: Telefon: 0355 \/ 72 944 72E-Mail: info@bma-sachverstaendiger.de Finanzamt Cottbus Steuer-Nr. 056 \/ 270 \/ 03236 Streitschlichtung Wir sind nicht bereit oder verpflichtet, an Streitbeilegungsverfahren vor einer Verbraucherschlichtungsstelle teilzunehmen. Quelle: Impressum-Generator von anwalt.de Foto Startseite Close-up of a camera &hellip; Continue reading \"Impressum\"","og_url":"https:\/\/bma-sachverstaendiger.de\/?page_id=195","og_site_name":"Sachverst\u00e4ndigenb\u00fcro Schneider","article_modified_time":"2026-02-08T15:10:06+00:00","twitter_card":"summary_large_image","twitter_misc":{"Gesch\u00e4tzte Lesezeit":"1\u00a0Minute"},"schema":{"@context":"https:\/\/schema.org","@graph":[{"@type":"WebPage","@id":"https:\/\/bma-sachverstaendiger.de\/?page_id=195","url":"https:\/\/bma-sachverstaendiger.de\/?page_id=195","name":"Impressum - Sachverst\u00e4ndigenb\u00fcro Schneider","isPartOf":{"@id":"https:\/\/bma-sachverstaendiger.de\/#website"},"datePublished":"2025-11-12T12:40:54+00:00","dateModified":"2026-02-08T15:10:06+00:00","breadcrumb":{"@id":"https:\/\/bma-sachverstaendiger.de\/?page_id=195#breadcrumb"},"inLanguage":"de","potentialAction":[{"@type":"ReadAction","target":["https:\/\/bma-sachverstaendiger.de\/?page_id=195"]}]},{"@type":"BreadcrumbList","@id":"https:\/\/bma-sachverstaendiger.de\/?page_id=195#breadcrumb","itemListElement":[{"@type":"ListItem","position":1,"name":"Start","item":"https:\/\/bma-sachverstaendiger.de\/"},{"@type":"ListItem","position":2,"name":"Impressum"}]},{"@type":"WebSite","@id":"https:\/\/bma-sachverstaendiger.de\/#website","url":"https:\/\/bma-sachverstaendiger.de\/","name":"Sachverst\u00e4ndigenb\u00fcro Dipl.-Ing. (FH) Erik Schneider","description":"Dipl.-Ing. (FH) Erik Schneider","potentialAction":[{"@type":"SearchAction","target":{"@type":"EntryPoint","urlTemplate":"https:\/\/bma-sachverstaendiger.de\/?s={search_term_string}"},"query-input":{"@type":"PropertyValueSpecification","valueRequired":true,"valueName":"search_term_string"}}],"inLanguage":"de"}]}},"_links":{"self":[{"href":"https:\/\/bma-sachverstaendiger.de\/index.php?rest_route=\/wp\/v2\/pages\/195","targetHints":{"allow":["GET"]}}],"collection":[{"href":"https:\/\/bma-sachverstaendiger.de\/index.php?rest_route=\/wp\/v2\/pages"}],"about":[{"href":"https:\/\/bma-sachverstaendiger.de\/index.php?rest_route=\/wp\/v2\/types\/page"}],"author":[{"embeddable":true,"href":"https:\/\/bma-sachverstaendiger.de\/index.php?rest_route=\/wp\/v2\/users\/1"}],"replies":[{"embeddable":true,"href":"https:\/\/bma-sachverstaendiger.de\/index.php?rest_route=%2Fwp%2Fv2%2Fcomments&post=195"}],"version-history":[{"count":8,"href":"https:\/\/bma-sachverstaendiger.de\/index.php?rest_route=\/wp\/v2\/pages\/195\/revisions"}],"predecessor-version":[{"id":349,"href":"https:\/\/bma-sachverstaendiger.de\/index.php?rest_route=\/wp\/v2\/pages\/195\/revisions\/349"}],"wp:attachment":[{"href":"https:\/\/bma-sachverstaendiger.de\/index.php?rest_route=%2Fwp%2Fv2%2Fmedia&parent=195"}],"curies":[{"name":"wp","href":"https:\/\/api.w.org\/{rel}","templated":true}]}}