{"id":193,"date":"2025-11-12T13:40:52","date_gmt":"2025-11-12T12:40:52","guid":{"rendered":"https:\/\/wp.bma-sachverstaendiger.de\/?page_id=193"},"modified":"2026-02-10T20:50:14","modified_gmt":"2026-02-10T19:50:14","slug":"datenschutz","status":"publish","type":"page","link":"https:\/\/bma-sachverstaendiger.de\/?page_id=193","title":{"rendered":"Datenschutz"},"content":{"rendered":"\n    \n    <section class=\"u-clearfix u-section-2\" id=\"block-2\">\n      <div class=\"u-clearfix u-sheet u-sheet-1\">\n        <div class=\"fr-view u-clearfix u-rich-text u-text u-text-1\">\n          <p><span class=\"u-text-custom-color-1\" style=\"font-size: 1.25rem; font-weight: 700;\">Datenschutzerkl\u00e4rung<\/span>\n          <\/p>\n          <p id=\"isPasted\">\n            <strong>\u00a7 1 Information \u00fcber die Erhebung personenbezogener Daten<\/strong>\n          <\/p>\n          <p>(1) Im Folgenden informieren wir \u00fcber die Erhebung personenbezogener Daten bei Nutzung unserer Website. Personenbezogene Daten sind alle Daten, die auf Sie pers\u00f6nlich beziehbar sind, z.B. Name, Adresse, E-Mail-Adressen, Nutzerverhalten.<\/p>\n          <p>(2) Verantwortlicher gem. Art. 4 Abs. 7 EU-Datenschutz-Grundverordnung (DS-GVO) ist<\/p>\n          <p>\n            <strong>Sachverst\u00e4ndigenb\u00fcro SchneiderGerhart-Hauptmann-Str. 15 \/ S\u00fcd 903044 CottbusDeutschlandTel.: 0355 \/ 72 944 72E-Mail: <a href=\"mailto:info@bma-sachverstaendiger.de\" rel=\"noopener\" target=\"_blank\">info@bma-sachverstaendiger.de<\/a>&nbsp;\n            <\/strong>\n          <\/p>\n          <p>(siehe unser <a href=\"https:\/\/bma-sachverstaendiger.de\/index.php?sub=11\">Impressum<\/a>).\n          <\/p>\n          <p>(3) Bei Ihrer Kontaktaufnahme mit uns per E-Mail oder \u00fcber das Kontaktformular werden die von Ihnen mitgeteilten Daten (Ihre E-Mail-Adresse, Ihr Name, Ihre Anschrift, Ihre Telefonnummer und\/oder Ihre Faxnummer) von uns gespeichert, um Ihre Fragen zu beantworten. Die in diesem Zusammenhang anfallenden Daten l\u00f6schen wir, nachdem die Speicherung nicht mehr erforderlich ist, oder schr\u00e4nken die Verarbeitung ein, falls gesetzliche Aufbewahrungspflichten bestehen.<\/p>\n          <p>(4) Falls wir f\u00fcr einzelne Funktionen unseres Angebots auf beauftragte Dienstleister zur\u00fcckgreifen oder Ihre Daten f\u00fcr werbliche Zwecke nutzen m\u00f6chten, werden wir Sie untenstehend im Detail \u00fcber die jeweiligen Vorg\u00e4nge informieren. Dabei nennen wir auch die festgelegten Kriterien der Speicherdauer.<\/p>\n          <p>\n            <strong>\u00a7 2 Ihre Rechte<\/strong>\n          <\/p>\n          <p>(1) Sie haben gegen\u00fcber uns gem\u00e4\u00df \u00a7 13 Abs. 2 lit b DS-GVO folgende Rechte hinsichtlich der Sie betreffenden personenbezogenen Daten:<\/p>\n          <ul>\n            <li>Recht auf Auskunft,<\/li>\n            <li>Recht auf Berichtigung oder L\u00f6schung,<\/li>\n            <li>Recht auf Einschr\u00e4nkung der Verarbeitung,<\/li>\n            <li>Recht auf Widerspruch gegen die Verarbeitung,<\/li>\n            <li>Recht auf Daten\u00fcbertragbarkeit.<\/li>\n          <\/ul>\n          <p>(2) Sie haben zudem das Recht, sich bei einer Datenschutz-Aufsichtsbeh\u00f6rde \u00fcber die Verarbeitung Ihrer personenbezogenen Daten durch uns zu beschweren.<\/p>\n          <p>\n            <strong>\u00a7 3 Erhebung personenbezogener Daten bei Besuch unserer Website<\/strong>\n          <\/p>\n          <p>(1) S\u00e4mtliche Daten, die bei der Nutzung unserer Internetseiten \u00fcbertragen werden, werden \u00fcber unseren Sicherheitsserver unter Verwendung des Security Socket Layers (SSL), einem Sicherheitsstandard, der von den meisten Internet-Browsern unterst\u00fctzt wird, verschl\u00fcsselt \u00fcbermittelt. Elektronische Systeme, in denen personenbezogene Daten durch uns gespeichert werden, sind technisch vor unberechtigtem Zugriff gesch\u00fctzt.<\/p>\n          <p>(2) Bei der blo\u00df informatorischen Nutzung der Website, also wenn Sie sich nicht registrieren oder uns anderweitig Informationen \u00fcbermitteln, erheben wir nur die personenbezogenen Daten, die Ihr Browser an unseren Server \u00fcbermittelt. Wenn Sie unsere Website betrachten m\u00f6chten, erheben wir die folgenden Daten, die f\u00fcr uns technisch erforderlich sind, um Ihnen unsere Website anzuzeigen und die Stabilit\u00e4t und Sicherheit zu gew\u00e4hrleisten (Rechtsgrundlage ist Art. 6 Abs. 1 S. 1 lit. f DS-GVO):<\/p>\n          <ul>\n            <li>IP-Adresse<\/li>\n            <li>Datum und Uhrzeit der Anfrage<\/li>\n            <li>Zeitzonendifferenz zur Greenwich Mean Time (GMT)<\/li>\n            <li>Inhalt der Anforderung (konkrete Seite)<\/li>\n            <li>Zugriffsstatus\/HTTP-Statuscode<\/li>\n            <li>jeweils \u00fcbertragene Datenmenge<\/li>\n            <li>Website, von der die Anforderung kommt<\/li>\n            <li>Browser<\/li>\n            <li>Betriebssystem und dessen Oberfl\u00e4che<\/li>\n            <li>Sprache und Version der Browsersoftware.<\/li>\n          <\/ul>\n          <p>(3) Unsere Website verwendet Cookies. Cookies sind kleine Textdateien, die im Internetbrowser bzw. vom Internetbrowser auf dem Computersystem eines Nutzers gespeichert werden. Ruft ein Nutzer eine Website auf, so kann ein Cookie auf dem Betriebssystem des Nutzers gespeichert werden. Dieser Cookie enth\u00e4lt eine charakteristische Zeichenfolge, die eine eindeutige Identifizierung des Browsers beim erneuten Aufrufen der Website erm\u00f6glicht. Wir setzen Cookies zu dem Zweck ein, unser Angebot nutzerfreundlicher, effektiver und sicherer zu machen. Des Weiteren erm\u00f6glichen Cookies unseren Systemen, Ihren Browser auch nach einem Seitenwechsel zu erkennen und Ihnen Services anzubieten. Einige Funktionen unserer Internetseite k\u00f6nnen ohne den Einsatz von Cookies nicht angeboten werden. F\u00fcr diese ist es erforderlich, dass der Browser auch nach einem Seitenwechsel wiedererkannt wird.<\/p>\n          <p>Die Verarbeitung erfolgt auf Grundlage des \u00a7 15 (3) TMG sowie Art. 6 (1) lit. f DSGVO aus dem berechtigten Interesse an den oben genannten Zwecken.Die auf diese Weise von Ihnen erhobenen Daten werden durch technische Vorkehrungen pseudonymisiert. Eine Zuordnung der Daten zu Ihrer Person ist daher nicht mehr m\u00f6glich. Die Daten werden nicht gemeinsam mit sonstigen personenbezogenen Daten von Ihnen gespeichert. Sie haben das Recht aus Gr\u00fcnden, die sich aus Ihrer besonderen Situation ergeben, jederzeit dieser auf Art. 6 (1) f DSGVO beruhenden Verarbeitung Sie betreffender personenbezogener Daten zu widersprechen.<\/p>\n          <p>Cookies werden auf Ihrem Rechner gespeichert. Daher haben Sie die volle Kontrolle \u00fcber die Verwendung von Cookies. Durch die Auswahl entsprechender technischer Einstellungen in Ihrem Internetbrowser k\u00f6nnen Sie die Speicherung der Cookies und \u00dcbermittlung der enthaltenen Daten verhindern. Bereits gespeicherte Cookies k\u00f6nnen jederzeit gel\u00f6scht werden. Wir weisen Sie jedoch darauf hin, dass Sie dann gegebenenfalls nicht s\u00e4mtliche Funktionen dieser Website vollumf\u00e4nglich werden nutzen k\u00f6nnen.Unter den nachstehenden Links k\u00f6nnen Sie sich informieren, wie Sie die Cookies bei den wichtigsten Browsern verwalten (u.a. auch deaktivieren) k\u00f6nnen:Chrome Browser: <a href=\"https:\/\/support.google.com\/accounts\/answer\/61416?hl=de\" rel=\"noopener\" target=\"_blank\">https:\/\/support.google.com\/accounts\/answer\/61416?hl=de<\/a>Internet Explorer: <a href=\"https:\/\/support.microsoft.com\/de-de\/help\/17442\/windows-internet-explorerdelete-%20manage-cookies\" rel=\"noopener\" target=\"_blank\">https:\/\/support.microsoft.com\/de-de\/help\/17442\/windows-internet-explorerdelete- manage-cookies<\/a>Mozilla Firefox: <a href=\"https:\/\/support.mozilla.org\/de\/kb\/cookies-erlauben-und-ablehnen\" rel=\"noopener\" target=\"_blank\">https:\/\/support.mozilla.org\/de\/kb\/cookies-erlauben-und-ablehnen<\/a>Safari: <a href=\"https:\/\/support.apple.com\/de-de\/guide\/safari\/manage-cookies-and-website-datasfri11471\/mac\" rel=\"noopener\" target=\"_blank\">https:\/\/support.apple.com\/de-de\/guide\/safari\/manage-cookies-and-website-datasfri11471\/mac<\/a>\n          <\/p>\n          <p>Zus\u00e4tzlich zu den zuvor genannten Daten werden bei Ihrer Nutzung unserer Website Cookies auf Ihrem Rechner gespeichert. Bei Cookies handelt es sich um kleine Textdateien, die auf Ihrer Festplatte dem von Ihnen verwendeten Browser zugeordnet gespeichert werden und durch welche der Stelle, die den Cookie setzt (hier durch uns), bestimmte Informationen zuflie\u00dfen. Cookies k\u00f6nnen keine Programme ausf\u00fchren oder Viren auf Ihren Computer \u00fcbertragen. Sie dienen dazu, das Internetangebot insgesamt nutzerfreundlicher und effektiver zu machen.<\/p>\n          <p>\n            <strong>\u00a7 4 Dauer der Speicherung personenbezogener Daten<\/strong>\n          <\/p>\n          <p>(1) Wir l\u00f6schen Ihre personenbezogenen Daten, wenn der Zweck der Speicherung erreicht ist und keine gesetzlichen Speicherfristen bestehen. Vertragsdaten l\u00f6schen wir, wenn das Vertragsverh\u00e4ltnis mit Ihnen beendet ist, s\u00e4mtliche gegenseitige Anspr\u00fcche erf\u00fcllt sind und keine anderweitigen gesetzlichen Aufbewahrungspflichten oder gesetzliche Rechtsgrundlagen f\u00fcr die Speicherung bestehen.<\/p>\n          <p>(2) Dar\u00fcber hinaus verarbeiten wir Ihre personenbezogenen Daten, solange wir diese zur Werbung, Markt- und Meinungsforschung nutzen, l\u00e4ngstens jedoch bis Sie uns gegen\u00fcber dieser Verwendung widersprochen haben. Sofern Sie uns eine Einwilligung zur werblichen Ansprache erteilt haben, nutzen wir diese Einwilligungen l\u00e4ngstens bis Sie diese uns gegen\u00fcber widerrufen haben.<\/p>\n          <p>(3) Die im Rahmen von Google-Analytics \u00fcbermittelten und mit Cookies, Nutzerkennungen (z. B. User-ID) oder Werbe-IDs verkn\u00fcpften Daten werden nach 14 Monaten automatisch gel\u00f6scht.<\/p>\n          <p>&nbsp;<\/p>\n        <\/div>\n      <\/div>\n    <\/section>\n    \n    \n    \n  \n","protected":false},"excerpt":{"rendered":"<p>Datenschutzerkl\u00e4rung \u00a7 1 Information \u00fcber die Erhebung personenbezogener Daten (1) Im Folgenden informieren wir \u00fcber die Erhebung personenbezogener Daten bei Nutzung unserer Website. Personenbezogene Daten sind alle Daten, die auf Sie pers\u00f6nlich beziehbar sind, z.B. Name, Adresse, E-Mail-Adressen, Nutzerverhalten. (2) Verantwortlicher gem. Art. 4 Abs. 7 EU-Datenschutz-Grundverordnung (DS-GVO) ist Sachverst\u00e4ndigenb\u00fcro SchneiderGerhart-Hauptmann-Str. 15 \/ S\u00fcd 903044 &hellip; <a href=\"https:\/\/bma-sachverstaendiger.de\/?page_id=193\" class=\"more-link\">Continue reading<span class=\"screen-reader-text\"> &#8222;Datenschutz&#8220;<\/span><\/a><\/p>\n","protected":false},"author":1,"featured_media":0,"parent":0,"menu_order":1,"comment_status":"closed","ping_status":"closed","template":"","meta":{"footnotes":""},"class_list":["post-193","page","type-page","status-publish","hentry"],"yoast_head":"<!-- This site is optimized with the Yoast SEO plugin v27.4 - https:\/\/yoast.com\/product\/yoast-seo-wordpress\/ -->\n<title>Datenschutz - Sachverst\u00e4ndigenb\u00fcro Schneider<\/title>\n<meta name=\"robots\" content=\"index, follow, max-snippet:-1, max-image-preview:large, max-video-preview:-1\" \/>\n<link rel=\"canonical\" href=\"https:\/\/bma-sachverstaendiger.de\/?page_id=193\" \/>\n<meta property=\"og:locale\" content=\"de_DE\" \/>\n<meta property=\"og:type\" content=\"article\" \/>\n<meta property=\"og:title\" content=\"Datenschutz - Sachverst\u00e4ndigenb\u00fcro Schneider\" \/>\n<meta property=\"og:description\" content=\"Datenschutzerkl\u00e4rung \u00a7 1 Information \u00fcber die Erhebung personenbezogener Daten (1) Im Folgenden informieren wir \u00fcber die Erhebung personenbezogener Daten bei Nutzung unserer Website. Personenbezogene Daten sind alle Daten, die auf Sie pers\u00f6nlich beziehbar sind, z.B. Name, Adresse, E-Mail-Adressen, Nutzerverhalten. (2) Verantwortlicher gem. Art. 4 Abs. 7 EU-Datenschutz-Grundverordnung (DS-GVO) ist Sachverst\u00e4ndigenb\u00fcro SchneiderGerhart-Hauptmann-Str. 15 \/ S\u00fcd 903044 &hellip; Continue reading &quot;Datenschutz&quot;\" \/>\n<meta property=\"og:url\" content=\"https:\/\/bma-sachverstaendiger.de\/?page_id=193\" \/>\n<meta property=\"og:site_name\" content=\"Sachverst\u00e4ndigenb\u00fcro Schneider\" \/>\n<meta property=\"article:modified_time\" content=\"2026-02-10T19:50:14+00:00\" \/>\n<meta name=\"twitter:card\" content=\"summary_large_image\" \/>\n<meta name=\"twitter:label1\" content=\"Gesch\u00e4tzte Lesezeit\" \/>\n\t<meta name=\"twitter:data1\" content=\"5\u00a0Minuten\" \/>\n<script type=\"application\/ld+json\" class=\"yoast-schema-graph\">{\"@context\":\"https:\\\/\\\/schema.org\",\"@graph\":[{\"@type\":\"WebPage\",\"@id\":\"https:\\\/\\\/bma-sachverstaendiger.de\\\/?page_id=193\",\"url\":\"https:\\\/\\\/bma-sachverstaendiger.de\\\/?page_id=193\",\"name\":\"Datenschutz - Sachverst\u00e4ndigenb\u00fcro Schneider\",\"isPartOf\":{\"@id\":\"https:\\\/\\\/bma-sachverstaendiger.de\\\/#website\"},\"datePublished\":\"2025-11-12T12:40:52+00:00\",\"dateModified\":\"2026-02-10T19:50:14+00:00\",\"breadcrumb\":{\"@id\":\"https:\\\/\\\/bma-sachverstaendiger.de\\\/?page_id=193#breadcrumb\"},\"inLanguage\":\"de\",\"potentialAction\":[{\"@type\":\"ReadAction\",\"target\":[\"https:\\\/\\\/bma-sachverstaendiger.de\\\/?page_id=193\"]}]},{\"@type\":\"BreadcrumbList\",\"@id\":\"https:\\\/\\\/bma-sachverstaendiger.de\\\/?page_id=193#breadcrumb\",\"itemListElement\":[{\"@type\":\"ListItem\",\"position\":1,\"name\":\"Start\",\"item\":\"https:\\\/\\\/bma-sachverstaendiger.de\\\/\"},{\"@type\":\"ListItem\",\"position\":2,\"name\":\"Datenschutz\"}]},{\"@type\":\"WebSite\",\"@id\":\"https:\\\/\\\/bma-sachverstaendiger.de\\\/#website\",\"url\":\"https:\\\/\\\/bma-sachverstaendiger.de\\\/\",\"name\":\"Sachverst\u00e4ndigenb\u00fcro Dipl.-Ing. (FH) Erik Schneider\",\"description\":\"Dipl.-Ing. (FH) Erik Schneider\",\"potentialAction\":[{\"@type\":\"SearchAction\",\"target\":{\"@type\":\"EntryPoint\",\"urlTemplate\":\"https:\\\/\\\/bma-sachverstaendiger.de\\\/?s={search_term_string}\"},\"query-input\":{\"@type\":\"PropertyValueSpecification\",\"valueRequired\":true,\"valueName\":\"search_term_string\"}}],\"inLanguage\":\"de\"}]}<\/script>\n<!-- \/ Yoast SEO plugin. -->","yoast_head_json":{"title":"Datenschutz - Sachverst\u00e4ndigenb\u00fcro Schneider","robots":{"index":"index","follow":"follow","max-snippet":"max-snippet:-1","max-image-preview":"max-image-preview:large","max-video-preview":"max-video-preview:-1"},"canonical":"https:\/\/bma-sachverstaendiger.de\/?page_id=193","og_locale":"de_DE","og_type":"article","og_title":"Datenschutz - Sachverst\u00e4ndigenb\u00fcro Schneider","og_description":"Datenschutzerkl\u00e4rung \u00a7 1 Information \u00fcber die Erhebung personenbezogener Daten (1) Im Folgenden informieren wir \u00fcber die Erhebung personenbezogener Daten bei Nutzung unserer Website. Personenbezogene Daten sind alle Daten, die auf Sie pers\u00f6nlich beziehbar sind, z.B. Name, Adresse, E-Mail-Adressen, Nutzerverhalten. (2) Verantwortlicher gem. Art. 4 Abs. 7 EU-Datenschutz-Grundverordnung (DS-GVO) ist Sachverst\u00e4ndigenb\u00fcro SchneiderGerhart-Hauptmann-Str. 15 \/ S\u00fcd 903044 &hellip; Continue reading \"Datenschutz\"","og_url":"https:\/\/bma-sachverstaendiger.de\/?page_id=193","og_site_name":"Sachverst\u00e4ndigenb\u00fcro Schneider","article_modified_time":"2026-02-10T19:50:14+00:00","twitter_card":"summary_large_image","twitter_misc":{"Gesch\u00e4tzte Lesezeit":"5\u00a0Minuten"},"schema":{"@context":"https:\/\/schema.org","@graph":[{"@type":"WebPage","@id":"https:\/\/bma-sachverstaendiger.de\/?page_id=193","url":"https:\/\/bma-sachverstaendiger.de\/?page_id=193","name":"Datenschutz - Sachverst\u00e4ndigenb\u00fcro Schneider","isPartOf":{"@id":"https:\/\/bma-sachverstaendiger.de\/#website"},"datePublished":"2025-11-12T12:40:52+00:00","dateModified":"2026-02-10T19:50:14+00:00","breadcrumb":{"@id":"https:\/\/bma-sachverstaendiger.de\/?page_id=193#breadcrumb"},"inLanguage":"de","potentialAction":[{"@type":"ReadAction","target":["https:\/\/bma-sachverstaendiger.de\/?page_id=193"]}]},{"@type":"BreadcrumbList","@id":"https:\/\/bma-sachverstaendiger.de\/?page_id=193#breadcrumb","itemListElement":[{"@type":"ListItem","position":1,"name":"Start","item":"https:\/\/bma-sachverstaendiger.de\/"},{"@type":"ListItem","position":2,"name":"Datenschutz"}]},{"@type":"WebSite","@id":"https:\/\/bma-sachverstaendiger.de\/#website","url":"https:\/\/bma-sachverstaendiger.de\/","name":"Sachverst\u00e4ndigenb\u00fcro Dipl.-Ing. (FH) Erik Schneider","description":"Dipl.-Ing. (FH) Erik Schneider","potentialAction":[{"@type":"SearchAction","target":{"@type":"EntryPoint","urlTemplate":"https:\/\/bma-sachverstaendiger.de\/?s={search_term_string}"},"query-input":{"@type":"PropertyValueSpecification","valueRequired":true,"valueName":"search_term_string"}}],"inLanguage":"de"}]}},"_links":{"self":[{"href":"https:\/\/bma-sachverstaendiger.de\/index.php?rest_route=\/wp\/v2\/pages\/193","targetHints":{"allow":["GET"]}}],"collection":[{"href":"https:\/\/bma-sachverstaendiger.de\/index.php?rest_route=\/wp\/v2\/pages"}],"about":[{"href":"https:\/\/bma-sachverstaendiger.de\/index.php?rest_route=\/wp\/v2\/types\/page"}],"author":[{"embeddable":true,"href":"https:\/\/bma-sachverstaendiger.de\/index.php?rest_route=\/wp\/v2\/users\/1"}],"replies":[{"embeddable":true,"href":"https:\/\/bma-sachverstaendiger.de\/index.php?rest_route=%2Fwp%2Fv2%2Fcomments&post=193"}],"version-history":[{"count":2,"href":"https:\/\/bma-sachverstaendiger.de\/index.php?rest_route=\/wp\/v2\/pages\/193\/revisions"}],"predecessor-version":[{"id":296,"href":"https:\/\/bma-sachverstaendiger.de\/index.php?rest_route=\/wp\/v2\/pages\/193\/revisions\/296"}],"wp:attachment":[{"href":"https:\/\/bma-sachverstaendiger.de\/index.php?rest_route=%2Fwp%2Fv2%2Fmedia&parent=193"}],"curies":[{"name":"wp","href":"https:\/\/api.w.org\/{rel}","templated":true}]}}